i(23).
-11
Let q(t) = -2*t**2 - 14*t - 5. Give q(-8).
-21
Let m(r) = -4*r - 36. Calculate m(-11).
8
Let m(z) = z**3 - 4*z**2 + 4*z + 7. Determine m(4).
23
Let q(l) = l**2 - 10*l - 4. Calculate q(9).
-13
Let q(b) = b**2 - 7*b - 63. Give q(11).
-19
Let q(f) = 20*f - 226. Determine q(8).
-66
Let b(g) = g**3 + g**2 - 18*g + 2. Give b(-5).
-8
Let c(a) = a**2 + 3*a + 2. Determine c(-3).
2
Let n(s) = -43*s**2 - s. Determine n(-1).
-42
Let g(r) = -r**3 - 8*r**2 + 8*r + 14. What is g(-8)?
-50
Let l(w) = -3*w**3 + 2*w - 2. Give l(1).
-3
Let f(q) = -q**3 + 7*q**2 - q + 8. Calculate f(7).
1
Let w(p) = -p**3 + 13*p**2 + 28*p + 20. Give w(15).
-10
Let a(y) = -11*y - 43. Determine a(-4).
1
Let g(q) = q**2 - 9*q + 9. What is g(5)?
-11
Let u(f) = -2*f - 42. Determine u(0).
-42
Let u(a) = a**3 + 19*a**2 + 28*a + 35. Determine u(-18).
-145
Let g(u) = -u**3 + 23*u**2 - 45*u + 82. Give g(21).
19
Let u(o) = -4*o**2. Determine u(-1).
-4
Let i(z) = -2*z**3 + z**2 + 2*z - 3. What is i(-2)?
13
Let v(p) = 15*p + 222. Give v(-15).
-3
Let x(b) = 6*b**3 + b**2 + 12*b + 11. What is x(-1)?
-6
Let s(q) = q**2 + 14*q - 207. Give s(-23).
0
Let y(m) = m**3 - 5*m**2 + m - 6. Determine y(5).
-1
Let y(t) = 4*t**2 - 54*t + 32. Determine y(13).
6
Let x(b) = 11*b - 609. Calculate x(55).
-4
Let l(v) = -v**3 + 55*v**2 - 158*v + 117. What is l(52)?
13
Let m(p) = -p**3 - 20*p**2 - p - 12. Calculate m(-20).
8
Let j(r) = -7*r**3 - r + 1. What is j(1)?
-7
Let l(q) = -q**3 - 10*q**2 - 10. What is l(-9)?
-91
Let p(c) = 2*c**2 - 43*c + 19. Determine p(21).
-2
Let n(w) = 6*w**2 - 3*w - 3. Give n(3).
42
Let w(t) = t**3 + 7*t**2 + 10*t + 14. Calculate w(-6).
-10
Let c(r) = -8*r - 20. Determine c(-7).
36
Let s(p) = p**3 - 3*p**2 - 4*p - 3. Calculate s(4).
-3
Let j(g) = g**2 + 51*g - 98. Determine j(-53).
8
Let g(q) = -6*q + 1. Give g(-1).
7
Let m(j) = j**3 + 6*j**2 - 2*j. Calculate m(-6).
12
Let d(i) = 3*i**2 - 17*i - 10. Calculate d(6).
-4
Let w(h) = -13*h - 90. Calculate w(-9).
27
Let l(j) = -j**2 + 25*j + 7. Give l(24).
31
Let o(a) = 12*a**2 - a + 1. Determine o(1).
12
Let z(o) = -2*o + 5. Calculate z(5).
-5
Let c(t) = -27*t - 404. Give c(-15).
1
Let n(b) = -6*b - 3. What is n(-3)?
15
Let j(r) = -r**3 + 11*r**2 + 43*r - 3. What is j(14)?
11
Let r(a) = -a**3 + 6*a**2 + 8*a + 9. What is r(7)?
16
Let s(t) = -7*t - 40. What is s(-6)?
2
Let o(t) = 3*t**3 - 3*t**2 - 2*t + 3. Determine o(1).
1
Let f(o) = -14*o - 71. What is f(-8)?
41
Let u(j) = 7*j + 26. What is u(-5)?
-9
Let r(g) = -g**2 - 27*g + 131. Give r(-31).
7
Let s(w) = 10*w**3 - 2*w**2 + w - 3. Give s(2).
71
Let n(x) = -2*x**2 + 16*x + 8. Determine n(8).
8
Let y(p) = -40*p - 2. Calculate y(-1).
38
Let q(x) = -x**3 - 6*x**2 - x - 5. Calculate q(-5).
-25
Let v(p) = -36*p**3 - p**2 - p - 1. Calculate v(-1).
35
Let y(z) = -2*z**3 - 15*z**2 - 22*z - 28. Determine y(-6).
-4
Let h(k) = -k**2 + k - 3. What is h(6)?
-33
Let d(z) = z**3 - 7*z**2 + z - 10. Calculate d(7).
-3
Let q(h) = -h**2 - 11*h + 2. Calculate q(-11).
2
Let q(l) = -8*l - 26. Calculate q(9).
-98
Let k(n) = -n - 28. What is k(-40)?
12
Let x(d) = 4*d**2 - 3*d - 4. Determine x(6).
122
Let i(d) = 7*d - 19. Give i(-11).
-96
Let c(u) = -2*u - 13. Determine c(-10).
7
Let y(t) = -t - 13. Determine y(7).
-20
Let c(d) = 8*d. Calculate c(-5).
-40
Let g(j) = -20*j**2 - j. What is g(-1)?
-19
Let h(y) = -27*y**2. What is h(1)?
-27
Let b(j) = -2*j - 3. Calculate b(-11).
19
Let t(k) = 6*k - 47. What is t(0)?
-47
Let b(y) = -y**2 - 14*y + 3. Calculate b(-14).
3
Let x(p) = 2*p**2 - 67*p - 1. Calculate x(33).
-34
Let z(o) = -9*o + 13. Give z(-6).
67
Let h(u) = u**2 + 7*u - 18. Determine h(-9).
0
Let v(x) = -2*x + 24. Determine v(10).
4
Let l(r) = r**3 + 7*r**2 + 2*r + 8. What is l(-7)?
-6
Let s(n) = -18*n - 3. Give s(-1).
15
Let h(y) = -3*y**2 - 14*y - 11. Give h(-5).
-16
Let q(w) = w**2 + w + 49. What is q(0)?
49
Let s(d) = -d**3 - 12*d**2 - 13*d - 18. Determine s(-11).
4
Let m(x) = -x**2 + 14*x - 3. Determine m(13).
10
Let p(i) = 2*i**2 - i - 3. Give p(0).
-3
Let h(s) = -2*s**3 + 22*s**2 - 2*s + 7. Calculate h(11).
-15
Let l(c) = 19*c + 44. What is l(-3)?
-13
Let i(m) = m**3 - 12*m**2 + 10*m + 6. What is i(11)?
-5
Let f(z) = 20*z**3 + 2*z**2 + 3*z + 2. Determine f(-1).
-19
Let x(s) = -s**3 + 9*s**2 - 8*s - 9. Give x(8).
-9
Let j(s) = -3*s**2 + 2. What is j(3)?
-25
Let n(c) = c**2 + 2*c + 127. Calculate n(0).
127
Let p(l) = l**3 + 4*l**2 - 2*l - 5. Give p(-4).
3
Let l(g) = g**3 - 12*g**2 + 34*g - 3. What is l(5)?
-8
Let c(x) = 2*x**2 - 6*x + 15. Calculate c(4).
23
Let s(t) = t**3 - 4*t**2 + 1. Determine s(4).
1
Let s(h) = 7*h + 20. Give s(3).
41
Let r(h) = -3*h**2 + 23*h - 16. Determine r(6).
14
Let m(y) = y**2 - 8*y + 7. Give m(5).
-8
Let y(x) = x**3 + 6*x**2 + 2*x - 5. What is y(-6)?
-17
Let r(n) = -n**3 + 6*n**2 + 11*n - 14. What is r(7)?
14
Let w(n) = -n**3 - 5*n**2 + 4*n + 10. Determine w(-4).
-22
Let p(l) = 6*l + 54. Give p(-9).
0
Let x(c) = -2*c**2 + 4*c + 43. Give x(-4).
-5
Let r(l) = -2*l + 5. Determine r(5).
-5
Let k(c) = 2*c**2 - 11*c + 10. What is k(5)?
5
Let h(i) = -i**3 + 13*i**2 + 15*i - 30. Determine h(14).
-16
Let l(a) = -13*a - 17. Calculate l(-8).
87
Let t(k) = -2*k**2 - 19*k - 31. Determine t(-11).
-64
Let v(r) = -r**2 + 6*r + 52. What is v(-5)?
-3
Let w(r) = -r**3 + 9*r**2 + 4*r + 54. Determine w(10).
-6
Let y(x) = 4*x**2 + 3*x - 8. What is y(-3)?
19
Let a(b) = -b**2 - 14*b - 5. Give a(-15).
-20
Let i(y) = -4*y + 1. Calculate i(-1).
5
Let o(h) = -h**2 - 6*h + 13. Give o(-8).
-3
Let x(u) = u**3 - 22*u**2 + 39*u + 15. Give x(20).
-5
Let p(o) = -o**3 + 19*o + 19. Give p(-5).
49
Let g(z) = -z + 26. Give g(0).
26
Let y(x) = 2*x**3 + 48*x**2 + 3*x + 66. Calculate y(-24).
-6
Let m(y) = -y**2 + 15*y + 45. Calculate m(18).
-9
Let c(s) = 45*s + 673. Calculate c(-15).
-2
Let y(w) = -2*w**2 + 2. Determine y(-3).
-16
Let p(j) = -j**3 - 10*j**2 + 14*j + 35. Calculate p(-11).
2
Let w(a) = 4*a + 39. Give w(-8).
7
Let f(k) = -55*k**3 - 2*k**2 - k + 3. Calculate f(1).
-55
Let l(v) = v**2 + 13*v + 18. Calculate l(-12).
6
Let j(a) = a**2 - 5*a - 5. What is j(5)?
-5
Let i(v) = v**2 - 11*v - 29. Calculate i(12).
-17
Let i(r) = r**3 - 4*r**2 - 20*r - 8. What is i(7)?
-1
Let c(s) = 5*s - 29. Calculate c(7).
6
Let g(s) = s**2 - 11*s + 14. Determine g(10).
4
Let f(p) = -p + 3. Give f(5).
-2
Let n(g) = g**3 + 4*g**2 + g + 20. Determine n(-5).
-10
Let g(q) = -3*q - 29. Calculate g(-5).
-14
Let a(f) = -2*f**3 - 7*f**2 - 5*f. Determine a(-4).
36
Let l(f) = 2*f**3 + f**2 - 2*f + 4. What is l(-3)?
-35
Let o(y) = y**3 + 32*y**2 + 6*y + 196. What is o(-32)?
4
Let z(k) = -47*k + 10. Give z(4).
-178
Let h(u) = u**3 - 22*u**2 - 21*u - 28. Determine h(23).
18
Let j(d) = -d**3 - 12*d**2 + 11*d - 11. What is j(-13)?
15
Let h(w) = -w**2 + 82*w - 453. What is h(6)?
3
Let h(x) = 3*x - 44. What is h(15)?
1
Let f(h) = h**3 - 11*h**2 + 23*h - 40. Give f(9).
5
Let q(i) = i**2 - 20*i + 44. Determine q(17).
-7
Let z(k) = -5*k + 15. Give z(-3).
30
Let o(w) = -3*w - 56. Give o(-5).
-41
Let y(r) = -r**2 - 10*r + 7. What is y(-9)?
16
Let j(o) = -o**3 - 5*o**2 + 15*o + 8. Calculate j(-7).
1
Let j(p) = -4*p - 29. What is j(-7)?
-1
Let i(u) = u**3 + 3*u**2 - u - 1. What is i(-3)?
2
Let c(x) = -3*x**2 + x + 3. Give c(-3).
-27
Let j(q) = -q**3 + 6*q**2 + 5*q + 23. What is j(7)?
9
Let h(d) = -d**3 - 5*d**2 - 7*d - 9. Determine h(-4).
3
Let i(m) = 4*m**2 - 19. Calculate i(3).
17
Let o(p) = -p - 4. Give o(-9).
5
Let h(f) = f**2 - 24*f + 58. Determine h(19).
-37
Let z(y) = -y**3 - 12*y**2 + 14*y + 27. Determine z(-13).
14
Let m(j) = j**2 - 8*j + 5. Give m(7).
-2
Let s(a) = -a**3 - 4*a**2 + 7. Determine s(-3).
-2
Let p(n) = 2*n**3 + 5*n**2 - 11*n + 9. What is p(-4)?
5
Let u(g) = g**3 - 6*g**2 - 5*g - 2. Give u(7).
12
Let c(d) = -d - 13. Calculate c(-7).
-6
Let c(s) = -s**3 - 9*s**2 - 10*s - 5. Calculate c(-8).
11
Let k(b) = -b**3 + 6*b**2 - 3*b - 37. Give k(6).
-55
Let g(y) = y**3 + y**2 + y + 17. What is g(0)?
17
Let d(v) = -v + 25. Calculate d(7).
18
Let k(x) = x**2 + 10*x - 29. Give k(-9).
-38
Let q(j) = 53*j + 282. What is q(-6)?
-36
Let v(u) = 8*u - 3. What is v(3)?
21
Let c(w) = 63*w - 574. Calculate c(9).
-7
Let m(n) = 3*n**2 - n - 5. Give m(3).
19
Let h(a) = 51*a + 666. Give h(-13).
3
Let f(g) = g**2 - 15*g. Calculate f(11).
-44
Le